er when 77 is divided by 6?
5
Calculate the remainder when 1156 is divided by 13.
12
Calculate the remainder when 118 is divided by 11.
8
What is the remainder when 279 is divided by 90?
9
Calculate the remainder when 417 is divided by 136.
9
Calculate the remainder when 666 is divided by 65.
16
Calculate the remainder when 2385 is divided by 199.
196
Calculate the remainder when 456 is divided by 148.
12
Calculate the remainder when 408 is divided by 164.
80
Calculate the remainder when 397 is divided by 113.
58
Calculate the remainder when 769 is divided by 72.
49
What is the remainder when 125 is divided by 24?
5
Calculate the remainder when 2817 is divided by 128.
1
Calculate the remainder when 132 is divided by 27.
24
What is the remainder when 297 is divided by 164?
133
What is the remainder when 208 is divided by 30?
28
Calculate the remainder when 482 is divided by 98.
90
Calculate the remainder when 5236 is divided by 82.
70
Calculate the remainder when 414 is divided by 35.
29
Calculate the remainder when 2024 is divided by 653.
65
Calculate the remainder when 59 is divided by 13.
7
What is the remainder when 239 is divided by 24?
23
What is the remainder when 1890 is divided by 31?
30
What is the remainder when 54 is divided by 20?
14
Calculate the remainder when 660 is divided by 26.
10
Calculate the remainder when 157 is divided by 27.
22
Calculate the remainder when 328 is divided by 15.
13
Calculate the remainder when 1076 is divided by 98.
96
What is the remainder when 6242 is divided by 3?
2
What is the remainder when 137 is divided by 62?
13
What is the remainder when 1397 is divided by 83?
69
Calculate the remainder when 34 is divided by 20.
14
What is the remainder when 547 is divided by 4?
3
Calculate the remainder when 182 is divided by 4.
2
What is the remainder when 881 is divided by 291?
8
What is the remainder when 343 is divided by 22?
13
What is the remainder when 6230 is divided by 93?
92
What is the remainder when 1830 is divided by 8?
6
What is the remainder when 318 is divided by 46?
42
What is the remainder when 5352 is divided by 19?
13
Calculate the remainder when 47 is divided by 24.
23
What is the remainder when 401 is divided by 52?
37
Calculate the remainder when 108 is divided by 28.
24
What is the remainder when 67 is divided by 44?
23
What is the remainder when 323 is divided by 293?
30
What is the remainder when 3841 is divided by 638?
13
What is the remainder when 50 is divided by 40?
10
What is the remainder when 182 is divided by 73?
36
Calculate the remainder when 74 is divided by 66.
8
Calculate the remainder when 60 is divided by 57.
3
Calculate the remainder when 1386 is divided by 46.
6
What is the remainder when 158 is divided by 72?
14
What is the remainder when 2388 is divided by 52?
48
Calculate the remainder when 664 is divided by 97.
82
What is the remainder when 47 is divided by 7?
5
What is the remainder when 393 is divided by 18?
15
What is the remainder when 1997 is divided by 34?
25
Calculate the remainder when 210 is divided by 63.
21
Calculate the remainder when 17 is divided by 3.
2
Calculate the remainder when 898 is divided by 17.
14
What is the remainder when 21475 is divided by 15?
10
What is the remainder when 138 is divided by 64?
10
Calculate the remainder when 23 is divided by 13.
10
What is the remainder when 105 is divided by 24?
9
Calculate the remainder when 3325 is divided by 64.
61
What is the remainder when 227 is divided by 86?
55
What is the remainder when 189 is divided by 39?
33
What is the remainder when 3914 is divided by 87?
86
What is the remainder when 740 is divided by 13?
12
What is the remainder when 63 is divided by 34?
29
Calculate the remainder when 29 is divided by 16.
13
What is the remainder when 2106 is divided by 49?
48
What is the remainder when 59 is divided by 18?
5
Calculate the remainder when 290 is divided by 21.
17
What is the remainder when 297 is divided by 51?
42
Calculate the remainder when 203 is divided by 50.
3
What is the remainder when 265 is divided by 80?
25
Calculate the remainder when 22317 is divided by 144.
141
Calculate the remainder when 65 is divided by 11.
10
What is the remainder when 260 is divided by 53?
48
What is the remainder when 393 is divided by 256?
137
Calculate the remainder when 1411 is divided by 9.
7
Calculate the remainder when 1397 is divided by 40.
37
What is the remainder when 2371 is divided by 40?
11
Calculate the remainder when 957 is divided by 111.
69
What is the remainder when 1189 is divided by 17?
16
Calculate the remainder when 209 is divided by 47.
21
What is the remainder when 276 is divided by 82?
30
Calculate the remainder when 257 is divided by 22.
15
What is the remainder when 59 is divided by 42?
17
Calculate the remainder when 624 is divided by 89.
1
What is the remainder when 10637 is divided by 28?
25
What is the remainder when 726 is divided by 79?
15
What is the remainder when 127 is divided by 32?
31
What is the remainder when 237 is divided by 61?
54
What is the remainder when 295 is divided by 42?
1
What is the remainder when 3178 is divided by 43?
39
Calculate the remainder when 7114 is divided by 31.
15
What is the remainder when 55 is divided by 20?
15
Calculate the remainder when 249 is divided by 87.
75
Calculate the remainder when 850 is divided by 139.
16
What is the remainder when 1138 is divided by 95?
93
Calculate the remainder when 90 is divided by 46.
44
What is the remainder when 478 is divided by 20?
18
Calculate the remainder when 90 is divided by 26.
12
Calculate the remainder when 485 is divided by 99.
89
Calculate the remainder when 1677 is divided by 24.
21
What is the remainder when 208 is divided by 84?
40
What is the remainder when 3367 is divided by 1672?
23
Calculate the remainder when 1202 is divided by 395.
17
Calculate the remainder when 407 is divided by 198.
11
Calculate the remainder when 148 is divided by 87.
61
Calculate the remainder when 526 is divided by 183.
160
What is the remainder when 1348 is divided by 39?
22
What is the remainder when 402 is divided by 27?
24
Calculate the remainder when 8815 is divided by 8.
7
Calculate the remainder when 321 is divided by 31.
11
What is the remainder when 1281 is divided by 637?
7
Calculate the remainder when 182 is divided by 31.
27
What is the remainder when 18743 is divided by 23?
21
What is the remainder when 583 is divided by 74?
65
What is the remainder when 1135 is divided by 192?
175
Calculate the remainder when 6343 is divided by 13.
12
What is the remainder when 168 is divided by 124?
44
Calculate the remainder when 686 is divided by 69.
65
What is the remainder when 477 is divided by 69?
63
What is the remainder when 36 is divided by 11?
3
What is the remainder when 33 is divided by 14?
5
What is the remainder when 223 is divided by 20?
3
What is the remainder when 45 is divided by 10?
5
What is the remainder when 262 is divided by 53?
50
What is the remainder when 152 is divided by 145?
7
Calculate the remainder when 58 is divided by 37.
21
What is the remainder when 103 is divided by 8?
7
What is the remainder when 30 is divided by 27?
3
What is the remainder when 240 is divided by 62?
54
Calculate the remainder when 219 is divided by 69.
12
Calculate the remainder when 30 is divided by 1.
0
Calculate the remainder when 911 is divided by 76.
75
What is the remainder when 177 is divided by 21?
9
Calculate the remainder when 11 is divided by 6.
5
Calculate the remainder when 17947 is divided by 4.
3
Calculate the remainder when 224 is divided by 25.
24
Calculate the remainder when 615 is divided by 197.
24
Calculate the remainder when 207 is divided by 38.
17
Calculate the remainder when 1728 is divided by 346.
344
Calculate the remainder when 1324 is divided by 19.
13
Calculate the remainder when 279 is divided by 30.
9
Calculate the remainder when 2710 is divided by 23.
19
Calculate the remainder when 10889 is divided by 50.
39
What is the remainder when 37 is divided by 19?
18
Calculate the remainder when 54 is divided by 19.
16
Calculate the remainder when 12552 is divided by 81.
78
What is the remainder when 718 is divided by 80?
78
What is the remainder when 53 is divided by 9?
8